. What are the prime factors of l?
23, 31
Suppose 2*h = 6 + 2. Suppose 0*r + h*r = 48. What are the prime factors of r?
2, 3
Let v = 6 - 1. Let r be 255/v + (-2 - 0). Suppose -r = 4*j - 197. What are the prime factors of j?
37
Let f = 100 + -71. Suppose f - 10 = y + 5*b, -2*y = -3*b - 103. What are the prime factors of y?
2, 11
Let h = 3 + -9. Let o be 22/(-7)*(-1 + h). Suppose -o = -2*q - 2*z, 0 = 4*q + z - 53 - 6. List the prime factors of q.
2
Suppose 4425 = 3*b - 6258. List the prime factors of b.
3, 1187
Let l(g) = 3*g**2 - 6*g + 2. Let j be (-4 + 6)/(2/(-3)). Let v be l(j). Let s = v + -14. List the prime factors of s.
3, 11
Suppose 4*c - 10 = 50. Let y be ((-18)/15)/((-264)/(-45) + -6). Let m = c - y. List the prime factors of m.
2, 3
Let o(c) = 2*c**2 - 1 + 5*c + 7 - 25*c. List the prime factors of o(10).
2, 3
Suppose 22 = o - 4*h + 1, -3*o = -4*h - 23. Let p be 45*o + (-15)/(-5). Suppose 6*y - p = 3*y. What are the prime factors of y?
2
Let c(q) = 16*q**2 - 13*q + 72. List the prime factors of c(7).
3, 5, 17
Let g = -1270 - -1821. List the prime factors of g.
19, 29
Suppose 5*o - 6 = s, 0*o - o - 10 = -3*s. Suppose -o*v + 5 = -17. Suppose -5*l + 59 + v = 0. What are the prime factors of l?
2, 7
Suppose 3 = 3*t - 6. Suppose -3*d + 3*m + 204 = 0, 3*m - 37 - 137 = -t*d. List the prime factors of d.
3, 7
Let a be 0 + 4 - (-480)/3. Suppose -2*g + a = 2*g. List the prime factors of g.
41
Let g = -13 + 34. Let o = -13 + g. Let n = 24 - o. What are the prime factors of n?
2
Let u(l) = 268*l - 306. List the prime factors of u(9).
2, 3, 13
Let b(k) = -3*k**3 - 8*k**2 + 2*k - 23. List the prime factors of b(-8).
5, 197
Let l(z) = -3*z - 3. Let x be l(2). List the prime factors of 3 + 3/(x/(-273)).
2, 47
Suppose 24 = 5*n + 4*b, 0 = -b - 0*b + 1. Let d be (4/(-10))/(6/(-60)). Suppose -n*a = 3*c - 117, -d*c - c + 96 = 3*a. What are the prime factors of a?
3
Let q = 196 - -103. List the prime factors of q.
13, 23
Let t be 18700/(-66)*(-4 + 1). Suppose 0 = 8*i + 10 - t. List the prime factors of i.
3, 5, 7
Let b = 81 - 154. Let w = b + 120. List the prime factors of w.
47
What are the prime factors of 2*482/16*4?
241
Let g be 4/(-30) - (-20132)/(-210). Let c = 115 + g. What are the prime factors of c?
19
Let h(n) = -19*n**3 - 2*n**2 + 1. Let a be h(1). Let r = a + 20. Suppose 0 = 2*y - 10, -4*v + 39 = -r*v - 5*y. List the prime factors of v.
2
Let d(w) = 2*w**3 - 3*w**2 - 14*w - 7. Let h be d(5). Suppose -h = -4*q + 5*r + 258, -4*r = -16. List the prime factors of q.
2, 47
Let n(r) = 2*r**2 + 4*r + 3. Suppose -2*c + 2 - 6 = 0. What are the prime factors of n(c)?
3
Suppose -7092 = -3*q - 15*q. List the prime factors of q.
2, 197
Let z(j) = -3*j - 12. Let s be (-2 + 7)*3*(-16)/30. What are the prime factors of z(s)?
2, 3
Let v be (-4)/(-34) + (-320)/(-170). List the prime factors of 805/10 + v/(-4).
2, 5
Suppose 5*s + 16 - 4 = 4*v, v - 3 = 0. Suppose s*o + 2*o = 328. What are the prime factors of o/8 - (-1)/2?
3, 7
Suppose -2*b + b + 115 = 4*m, -2*b - m = -195. Let a = 25 + b. What are the prime factors of a?
2, 3, 5
List the prime factors of (604/6*-1)/((-19)/57).
2, 151
Suppose -5*k + 4995 = 5*o, -5*o - 1996 = -2*k - 8*o. List the prime factors of k.
7, 11, 13
Suppose 4*b - 49 - 53 = 3*a, 0 = -2*b - 3*a + 42. What are the prime factors of 2 - ((-176)/b)/((-4)/(-18))?
5, 7
What are the prime factors of (-30560)/15*-1 + (-28)/(-42)?
2, 1019
Suppose -17*z = -13*z - 148. Let o = 55 - z. Suppose -48 + o = -2*f. List the prime factors of f.
3, 5
Suppose -4*k = k - 4*t - 131, -3*k + 73 = -t. Suppose r + 3*r = -40. Let h = r + k. What are the prime factors of h?
13
Let h(a) = 11*a**3 + 5*a**2 - 7*a + 9. What are the prime factors of h(3)?
2, 3, 5, 11
Let p = 31 - 21. Suppose -3*j + 5 = 3*b - p, -j = -4*b + 15. Let k(g) = 4*g**3 + 2*g**2 - 1. List the prime factors of k(j).
5
Let j = 70 - 69. Let x(p) = -13*p**3 + p**2 + p - 3. Let u(c) = 27*c**3 - c**2 - 2*c + 5. Let n(h) = 3*u(h) + 5*x(h). What are the prime factors of n(j)?
17
Let q = -14 + 35. Suppose q = -2*j - 5*z, -2*z = 2*j + 2*j + 66. Let h = 25 + j. What are the prime factors of h?
7
Suppose -g = -2*o + 10, 0 = 3*g + 5*o + 3 + 5. Let r(l) be the second derivative of l**5/20 + 2*l**4/3 + 2*l**3/3 + 694*l. List the prime factors of r(g).
2, 3
Suppose 2*l + 136 = 5*p, -4*l - 132 = 4*p - 9*p. Let g be 374/8 + 7/p. Suppose -x = 5*t - g, -11 = 2*t - 3*t - x. List the prime factors of t.
3
Let b = -259 - -1165. What are the prime factors of b?
2, 3, 151
Let h(g) = -10*g + 683. List the prime factors of h(-49).
3, 17, 23
Suppose 1238 - 150 = 8*z. Let l = -58 + z. List the prime factors of l.
2, 3, 13
Suppose -3*u = -4*a + 39, 4*a + 2*u - 21 + 7 = 0. Let r be ((-2)/4)/(1/(-136)). Suppose a*b - 2*b - r = 0. List the prime factors of b.
17
Let a(l) = -l**2 + l + 1. Let j be a(3). Let o = 8 + j. Suppose 0 = -o*q - 12, 3*q + 0 = -4*d + 72. What are the prime factors of d?
3, 7
Suppose -3*y + y = -6. Let c(r) = -3*r - y + 5 - 3. List the prime factors of c(-6).
17
Let w = 4061 + -2171. List the prime factors of w.
2, 3, 5, 7
Let x = 120 + 310. What are the prime factors of x?
2, 5, 43
Suppose 0 = -3*a - 15, 2*j + 13*a - 3508 = 15*a. What are the prime factors of j?
3, 11, 53
Let n(d) = -d**2 - 17*d + 15. Suppose 6*s - 9 = 9. Suppose 28 = -s*k - 23. List the prime factors of n(k).
3, 5
Let b be 2/14 - 136/(-28). Suppose -5*u = b*w - 1225, -2*w - 3*u = -372 - 123. Suppose -5*a = a - w. What are the prime factors of a?
2, 5
Suppose 4*f - 6*f - 44 = 0. Let z = f - -31. List the prime factors of z.
3
Let y be -5*2/(-15)*3. Let b be (72/27)/(y/(-6)). Let k = 35 + b. What are the prime factors of k?
3
Let q(l) = l**2 - l + 1. Let h be q(3). Suppose 4*j + 426 = h*z - 4*z, 0 = 5*j. Suppose 5*a - 6 = -p + 182, -4*a = 5*p - z. List the prime factors of a.
2, 19
Suppose 4*y = 3*v - 17, -4*y = 4*v + v - 7. Let l(t) be the third derivative of t**6/120 + t**5/20 - t**3/6 - 5*t**2. What are the prime factors of l(y)?
3
Suppose -5*i = -3*k + 1124, -i + 660 = -4*i - 3*k. Let f = 55 - i. List the prime factors of f.
2, 139
What are the prime factors of 2*(-10)/(160/(-9688))?
7, 173
Suppose 4*c + 12 = 4*w, -w - 9 = 5*c - 4*w. Suppose i = -4*a + 6*a + 167, c = -i - 4*a + 173. List the prime factors of i.
13
Suppose -4*r + 334 = 10. Suppose 4*y + 3*m = m + 258, y - r = 5*m. Suppose 0 = -3*i + 5*i - y. List the prime factors of i.
3, 11
Let k(x) = 11*x + 1. Let g be k(1). What are the prime factors of 4/16 - (-789)/g?
2, 3, 11
Suppose 8338 = 128*n - 117*n. What are the prime factors of n?
2, 379
List the prime factors of ((-1970)/(-15))/((-7)/(-21)).
2, 197
Suppose -3*s - w + 205 = -134, 2*s - 231 = w. What are the prime factors of s?
2, 3, 19
Let l(j) = -j + 11. Let f be l(10). Let p be (f + 4)*(-3 + 2). Let m = 2 - p. List the prime factors of m.
7
Let x(v) = 35*v - 55. List the prime factors of x(25).
2, 5, 41
Let t = -256 + 1214. List the prime factors of t.
2, 479
Suppose 79185 = 37*r + 12770. What are the prime factors of r?
5, 359
Let r be 33/9 - 2/3. Suppose w - j - 58 = -r*j, 2*j = w - 70. What are the prime factors of w?
2
Suppose 26 = 2*b + 2*g, -g - 2 = -2*g. Suppose -b*z + 15*z = 0. Suppose -3*q + z*r + 3*r = -81, -5*q - 4*r = -162. What are the prime factors of q?
2, 3, 5
Let a(v) = v + 16. Let s(i) = -i + 8. Let x be s(18). Let t be a(x). Suppose 4*g + t - 58 = 0. List the prime factors of g.
13
Suppose -46*r + 45*r = -75. What are the prime factors of r?
3, 5
Let r = 0 - 7. Let x(k) = 6*k**2 - 5*k**2 + 3*k - 3 - 2 - 4. List the prime factors of x(r).
19
Let z(f) = -f**3 + 6*f**2 - 15*f + 2. Let d be z(6). What are the prime factors of (-259)/(-3) + (d/12)/(-11)?
3, 29
Let g = 61 - 47. Suppose -374 = 12*p - g*p. What are the prime factors of p?
11, 17
Let l = 8 + 70. Let g be 2*(-3)/(-12) + 969/6. Suppose 4*d - l = g. List the prime factors of d.
2, 3, 5
Let c be 6*(-2)/((-16)/4). Suppose -11 = -c*u - 38. List the prime factors of (-3)/u + 82/6.
2, 7
Suppose 10*g - 12*g + 9946 = 3*m, -m + 2*g + 3310 = 0. List the prime factors of m.
2, 1657
Suppose -w + 7 = 4. Suppose w*n = -2*n + 415. List the prime factors of n.
83
Suppose -31*m + 16769 = -64296. List the prime factors of m.
5, 523
Let q(v) = 8*v**2 - 2*v + 41. Li